{"id":64,"date":"2025-07-19T19:47:08","date_gmt":"2025-07-19T17:47:08","guid":{"rendered":"https:\/\/blogs.internetallee.de\/martin\/?post_type=portfolio&#038;p=64"},"modified":"2025-07-20T20:43:29","modified_gmt":"2025-07-20T18:43:29","slug":"alpcologne","status":"publish","type":"portfolio","link":"https:\/\/blogs.internetallee.de\/martin\/portfolio\/alpcologne\/","title":{"rendered":"Alpcologne"},"content":{"rendered":"\n<p>Ich habe seit 2020 den Part des tiefen Alphorns bei \u201eAlpcologne\u201c \u00fcbernommen.<br>https:\/\/www.alpcologne.de\/<br>Das Spiel mit dem Alphorn im Ensemble mit ebasa Pallada<br>https:\/\/www.ebasa.de\/<br>macht mir riesigen Spa\u00df und er\u00f6ffnet mehr M\u00f6glichkeiten, als das auf eine Naturtonreihe beschr\u00e4nkte Instrument zun\u00e4chst glauben machen m\u00f6chte. Zudem bietet die Kombination mit Victoria Riccios Stimme weitere atmosph\u00e4rische und harmonische M\u00f6glichkeiten.<br>Und: ich bin nicht nur Teil eines sehr kreativen, innovativen, musikalisch vielseitigen Projekts geworden, sondern habe zwei wahnsinnig liebenswerte Menschen zu Kolleg*innen hinzugewonnen.<br>Ein Highlight f\u00fcr mich waren die beiden Touren in 2024 und 2025 durch verschiedene Gegenden Frankreichs.<\/p>\n","protected":false},"excerpt":{"rendered":"<p>Ich habe seit 2020 den Part des tiefen Alphorns bei \u201eAlpcologne\u201c \u00fcbernommen.https:\/\/www.alpcologne.de\/Das Spiel mit dem Alphorn im Ensemble mit ebasa Palladahttps:\/\/www.ebasa.de\/macht mir riesigen Spa\u00df und er\u00f6ffnet mehr M\u00f6glichkeiten, als das auf eine Naturtonreihe beschr\u00e4nkte Instrument zun\u00e4chst glauben machen m\u00f6chte. Zudem bietet die Kombination mit Victoria Riccios Stimme weitere atmosph\u00e4rische und harmonische M\u00f6glichkeiten.Und: ich bin nicht &hellip;<\/p>\n","protected":false},"author":4,"featured_media":84,"menu_order":40,"comment_status":"closed","ping_status":"closed","template":"","format":"standard","meta":{"_vp_format_video_url":"","_vp_image_focal_point":[],"footnotes":""},"portfolio_category":[],"portfolio_tag":[],"class_list":["post-64","portfolio","type-portfolio","status-publish","format-standard","has-post-thumbnail","hentry"],"yoast_head":"<!-- This site is optimized with the Yoast SEO plugin v27.4 - https:\/\/yoast.com\/product\/yoast-seo-wordpress\/ -->\n<title>Alpcologne |<\/title>\n<meta name=\"robots\" content=\"index, follow, max-snippet:-1, max-image-preview:large, max-video-preview:-1\" \/>\n<link rel=\"canonical\" href=\"https:\/\/blogs.internetallee.de\/martin\/portfolio\/alpcologne\/\" \/>\n<meta property=\"og:locale\" content=\"de_DE\" \/>\n<meta property=\"og:type\" content=\"article\" \/>\n<meta property=\"og:title\" content=\"Alpcologne |\" \/>\n<meta property=\"og:description\" content=\"Ich habe seit 2020 den Part des tiefen Alphorns bei \u201eAlpcologne\u201c \u00fcbernommen.https:\/\/www.alpcologne.de\/Das Spiel mit dem Alphorn im Ensemble mit ebasa Palladahttps:\/\/www.ebasa.de\/macht mir riesigen Spa\u00df und er\u00f6ffnet mehr M\u00f6glichkeiten, als das auf eine Naturtonreihe beschr\u00e4nkte Instrument zun\u00e4chst glauben machen m\u00f6chte. Zudem bietet die Kombination mit Victoria Riccios Stimme weitere atmosph\u00e4rische und harmonische M\u00f6glichkeiten.Und: ich bin nicht &hellip;\" \/>\n<meta property=\"og:url\" content=\"https:\/\/blogs.internetallee.de\/martin\/portfolio\/alpcologne\/\" \/>\n<meta property=\"article:modified_time\" content=\"2025-07-20T18:43:29+00:00\" \/>\n<meta property=\"og:image\" content=\"https:\/\/blogs.internetallee.de\/martin\/files\/2025\/07\/claudio-schwarz-MVEmXOTej2w-unsplash-scaled.jpg\" \/>\n\t<meta property=\"og:image:width\" content=\"2560\" \/>\n\t<meta property=\"og:image:height\" content=\"1708\" \/>\n\t<meta property=\"og:image:type\" content=\"image\/jpeg\" \/>\n<meta name=\"twitter:card\" content=\"summary_large_image\" \/>\n<meta name=\"twitter:label1\" content=\"Gesch\u00e4tzte Lesezeit\" \/>\n\t<meta name=\"twitter:data1\" content=\"1\u00a0Minute\" \/>\n<script type=\"application\/ld+json\" class=\"yoast-schema-graph\">{\"@context\":\"https:\\\/\\\/schema.org\",\"@graph\":[{\"@type\":\"WebPage\",\"@id\":\"https:\\\/\\\/blogs.internetallee.de\\\/martin\\\/portfolio\\\/alpcologne\\\/\",\"url\":\"https:\\\/\\\/blogs.internetallee.de\\\/martin\\\/portfolio\\\/alpcologne\\\/\",\"name\":\"Alpcologne |\",\"isPartOf\":{\"@id\":\"https:\\\/\\\/blogs.internetallee.de\\\/martin\\\/#website\"},\"primaryImageOfPage\":{\"@id\":\"https:\\\/\\\/blogs.internetallee.de\\\/martin\\\/portfolio\\\/alpcologne\\\/#primaryimage\"},\"image\":{\"@id\":\"https:\\\/\\\/blogs.internetallee.de\\\/martin\\\/portfolio\\\/alpcologne\\\/#primaryimage\"},\"thumbnailUrl\":\"https:\\\/\\\/blogs.internetallee.de\\\/martin\\\/files\\\/2025\\\/07\\\/claudio-schwarz-MVEmXOTej2w-unsplash-scaled.jpg\",\"datePublished\":\"2025-07-19T17:47:08+00:00\",\"dateModified\":\"2025-07-20T18:43:29+00:00\",\"breadcrumb\":{\"@id\":\"https:\\\/\\\/blogs.internetallee.de\\\/martin\\\/portfolio\\\/alpcologne\\\/#breadcrumb\"},\"inLanguage\":\"de\",\"potentialAction\":[{\"@type\":\"ReadAction\",\"target\":[\"https:\\\/\\\/blogs.internetallee.de\\\/martin\\\/portfolio\\\/alpcologne\\\/\"]}]},{\"@type\":\"ImageObject\",\"inLanguage\":\"de\",\"@id\":\"https:\\\/\\\/blogs.internetallee.de\\\/martin\\\/portfolio\\\/alpcologne\\\/#primaryimage\",\"url\":\"https:\\\/\\\/blogs.internetallee.de\\\/martin\\\/files\\\/2025\\\/07\\\/claudio-schwarz-MVEmXOTej2w-unsplash-scaled.jpg\",\"contentUrl\":\"https:\\\/\\\/blogs.internetallee.de\\\/martin\\\/files\\\/2025\\\/07\\\/claudio-schwarz-MVEmXOTej2w-unsplash-scaled.jpg\",\"width\":2560,\"height\":1708},{\"@type\":\"BreadcrumbList\",\"@id\":\"https:\\\/\\\/blogs.internetallee.de\\\/martin\\\/portfolio\\\/alpcologne\\\/#breadcrumb\",\"itemListElement\":[{\"@type\":\"ListItem\",\"position\":1,\"name\":\"Startseite\",\"item\":\"https:\\\/\\\/blogs.internetallee.de\\\/martin\\\/\"},{\"@type\":\"ListItem\",\"position\":2,\"name\":\"Portfolio\",\"item\":\"https:\\\/\\\/blogs.internetallee.de\\\/martin\\\/portfolio\\\/\"},{\"@type\":\"ListItem\",\"position\":3,\"name\":\"Alpcologne\"}]},{\"@type\":\"WebSite\",\"@id\":\"https:\\\/\\\/blogs.internetallee.de\\\/martin\\\/#website\",\"url\":\"https:\\\/\\\/blogs.internetallee.de\\\/martin\\\/\",\"name\":\"\",\"description\":\"\",\"potentialAction\":[{\"@type\":\"SearchAction\",\"target\":{\"@type\":\"EntryPoint\",\"urlTemplate\":\"https:\\\/\\\/blogs.internetallee.de\\\/martin\\\/?s={search_term_string}\"},\"query-input\":{\"@type\":\"PropertyValueSpecification\",\"valueRequired\":true,\"valueName\":\"search_term_string\"}}],\"inLanguage\":\"de\"}]}<\/script>\n<!-- \/ Yoast SEO plugin. -->","yoast_head_json":{"title":"Alpcologne |","robots":{"index":"index","follow":"follow","max-snippet":"max-snippet:-1","max-image-preview":"max-image-preview:large","max-video-preview":"max-video-preview:-1"},"canonical":"https:\/\/blogs.internetallee.de\/martin\/portfolio\/alpcologne\/","og_locale":"de_DE","og_type":"article","og_title":"Alpcologne |","og_description":"Ich habe seit 2020 den Part des tiefen Alphorns bei \u201eAlpcologne\u201c \u00fcbernommen.https:\/\/www.alpcologne.de\/Das Spiel mit dem Alphorn im Ensemble mit ebasa Palladahttps:\/\/www.ebasa.de\/macht mir riesigen Spa\u00df und er\u00f6ffnet mehr M\u00f6glichkeiten, als das auf eine Naturtonreihe beschr\u00e4nkte Instrument zun\u00e4chst glauben machen m\u00f6chte. Zudem bietet die Kombination mit Victoria Riccios Stimme weitere atmosph\u00e4rische und harmonische M\u00f6glichkeiten.Und: ich bin nicht &hellip;","og_url":"https:\/\/blogs.internetallee.de\/martin\/portfolio\/alpcologne\/","article_modified_time":"2025-07-20T18:43:29+00:00","og_image":[{"width":2560,"height":1708,"url":"https:\/\/blogs.internetallee.de\/martin\/files\/2025\/07\/claudio-schwarz-MVEmXOTej2w-unsplash-scaled.jpg","type":"image\/jpeg"}],"twitter_card":"summary_large_image","twitter_misc":{"Gesch\u00e4tzte Lesezeit":"1\u00a0Minute"},"schema":{"@context":"https:\/\/schema.org","@graph":[{"@type":"WebPage","@id":"https:\/\/blogs.internetallee.de\/martin\/portfolio\/alpcologne\/","url":"https:\/\/blogs.internetallee.de\/martin\/portfolio\/alpcologne\/","name":"Alpcologne |","isPartOf":{"@id":"https:\/\/blogs.internetallee.de\/martin\/#website"},"primaryImageOfPage":{"@id":"https:\/\/blogs.internetallee.de\/martin\/portfolio\/alpcologne\/#primaryimage"},"image":{"@id":"https:\/\/blogs.internetallee.de\/martin\/portfolio\/alpcologne\/#primaryimage"},"thumbnailUrl":"https:\/\/blogs.internetallee.de\/martin\/files\/2025\/07\/claudio-schwarz-MVEmXOTej2w-unsplash-scaled.jpg","datePublished":"2025-07-19T17:47:08+00:00","dateModified":"2025-07-20T18:43:29+00:00","breadcrumb":{"@id":"https:\/\/blogs.internetallee.de\/martin\/portfolio\/alpcologne\/#breadcrumb"},"inLanguage":"de","potentialAction":[{"@type":"ReadAction","target":["https:\/\/blogs.internetallee.de\/martin\/portfolio\/alpcologne\/"]}]},{"@type":"ImageObject","inLanguage":"de","@id":"https:\/\/blogs.internetallee.de\/martin\/portfolio\/alpcologne\/#primaryimage","url":"https:\/\/blogs.internetallee.de\/martin\/files\/2025\/07\/claudio-schwarz-MVEmXOTej2w-unsplash-scaled.jpg","contentUrl":"https:\/\/blogs.internetallee.de\/martin\/files\/2025\/07\/claudio-schwarz-MVEmXOTej2w-unsplash-scaled.jpg","width":2560,"height":1708},{"@type":"BreadcrumbList","@id":"https:\/\/blogs.internetallee.de\/martin\/portfolio\/alpcologne\/#breadcrumb","itemListElement":[{"@type":"ListItem","position":1,"name":"Startseite","item":"https:\/\/blogs.internetallee.de\/martin\/"},{"@type":"ListItem","position":2,"name":"Portfolio","item":"https:\/\/blogs.internetallee.de\/martin\/portfolio\/"},{"@type":"ListItem","position":3,"name":"Alpcologne"}]},{"@type":"WebSite","@id":"https:\/\/blogs.internetallee.de\/martin\/#website","url":"https:\/\/blogs.internetallee.de\/martin\/","name":"","description":"","potentialAction":[{"@type":"SearchAction","target":{"@type":"EntryPoint","urlTemplate":"https:\/\/blogs.internetallee.de\/martin\/?s={search_term_string}"},"query-input":{"@type":"PropertyValueSpecification","valueRequired":true,"valueName":"search_term_string"}}],"inLanguage":"de"}]}},"_links":{"self":[{"href":"https:\/\/blogs.internetallee.de\/martin\/wp-json\/wp\/v2\/portfolio\/64","targetHints":{"allow":["GET"]}}],"collection":[{"href":"https:\/\/blogs.internetallee.de\/martin\/wp-json\/wp\/v2\/portfolio"}],"about":[{"href":"https:\/\/blogs.internetallee.de\/martin\/wp-json\/wp\/v2\/types\/portfolio"}],"author":[{"embeddable":true,"href":"https:\/\/blogs.internetallee.de\/martin\/wp-json\/wp\/v2\/users\/4"}],"replies":[{"embeddable":true,"href":"https:\/\/blogs.internetallee.de\/martin\/wp-json\/wp\/v2\/comments?post=64"}],"version-history":[{"count":2,"href":"https:\/\/blogs.internetallee.de\/martin\/wp-json\/wp\/v2\/portfolio\/64\/revisions"}],"predecessor-version":[{"id":81,"href":"https:\/\/blogs.internetallee.de\/martin\/wp-json\/wp\/v2\/portfolio\/64\/revisions\/81"}],"wp:featuredmedia":[{"embeddable":true,"href":"https:\/\/blogs.internetallee.de\/martin\/wp-json\/wp\/v2\/media\/84"}],"wp:attachment":[{"href":"https:\/\/blogs.internetallee.de\/martin\/wp-json\/wp\/v2\/media?parent=64"}],"wp:term":[{"taxonomy":"portfolio_category","embeddable":true,"href":"https:\/\/blogs.internetallee.de\/martin\/wp-json\/wp\/v2\/portfolio_category?post=64"},{"taxonomy":"portfolio_tag","embeddable":true,"href":"https:\/\/blogs.internetallee.de\/martin\/wp-json\/wp\/v2\/portfolio_tag?post=64"}],"curies":[{"name":"wp","href":"https:\/\/api.w.org\/{rel}","templated":true}]}}

<p>Ich habe seit 2020 den Part des tiefen Alphorns bei „Alpcologne“ übernommen.<br>https://www.alpcologne.de/<br>Das Spiel mit dem Alphorn im Ensemble mit ebasa Pallada<br>https://www.ebasa.de/<br>macht mir riesigen Spaß und eröffnet mehr Möglichkeiten, als das auf eine Naturtonreihe beschränkte Instrument zunächst glauben machen möchte. Zudem bietet die Kombination mit Victoria Riccios Stimme weitere atmosphärische und harmonische Möglichkeiten.<br>Und: ich bin nicht nur Teil eines sehr kreativen, innovativen, musikalisch vielseitigen Projekts geworden, sondern habe zwei wahnsinnig liebenswerte Menschen zu Kolleg*innen hinzugewonnen.<br>Ein Highlight für mich waren die beiden Touren in 2024 und 2025 durch verschiedene Gegenden Frankreichs.</p>

<p>Ich habe seit 2020 den Part des tiefen Alphorns bei „Alpcologne“ übernommen.https://www.alpcologne.de/Das Spiel mit dem Alphorn im Ensemble mit ebasa Palladahttps://www.ebasa.de/macht mir riesigen Spaß und eröffnet mehr Möglichkeiten, als das auf eine Naturtonreihe beschränkte Instrument zunächst glauben machen möchte. Zudem bietet die Kombination mit Victoria Riccios Stimme weitere atmosphärische und harmonische Möglichkeiten.Und: ich bin nicht &hellip;</p>

<!-- This site is optimized with the Yoast SEO plugin v27.4 - https://yoast.com/product/yoast-seo-wordpress/ -->
<title>Alpcologne |</title>
<meta name="robots" content="index, follow, max-snippet:-1, max-image-preview:large, max-video-preview:-1" />
<link rel="canonical" href="https://blogs.internetallee.de/martin/portfolio/alpcologne/" />
<meta property="og:locale" content="de_DE" />
<meta property="og:type" content="article" />
<meta property="og:title" content="Alpcologne |" />
<meta property="og:description" content="Ich habe seit 2020 den Part des tiefen Alphorns bei „Alpcologne“ übernommen.https://www.alpcologne.de/Das Spiel mit dem Alphorn im Ensemble mit ebasa Palladahttps://www.ebasa.de/macht mir riesigen Spaß und eröffnet mehr Möglichkeiten, als das auf eine Naturtonreihe beschränkte Instrument zunächst glauben machen möchte. Zudem bietet die Kombination mit Victoria Riccios Stimme weitere atmosphärische und harmonische Möglichkeiten.Und: ich bin nicht &hellip;" />
<meta property="og:url" content="https://blogs.internetallee.de/martin/portfolio/alpcologne/" />
<meta property="article:modified_time" content="2025-07-20T18:43:29+00:00" />
<meta property="og:image" content="https://blogs.internetallee.de/martin/files/2025/07/claudio-schwarz-MVEmXOTej2w-unsplash-scaled.jpg" />
	<meta property="og:image:width" content="2560" />
	<meta property="og:image:height" content="1708" />
	<meta property="og:image:type" content="image/jpeg" />
<meta name="twitter:card" content="summary_large_image" />
<meta name="twitter:label1" content="Geschätzte Lesezeit" />
	<meta name="twitter:data1" content="1 Minute" />
<script type="application/ld+json" class="yoast-schema-graph">{"@context":"https:\/\/schema.org","@graph":[{"@type":"WebPage","@id":"https:\/\/blogs.internetallee.de\/martin\/portfolio\/alpcologne\/","url":"https:\/\/blogs.internetallee.de\/martin\/portfolio\/alpcologne\/","name":"Alpcologne |","isPartOf":{"@id":"https:\/\/blogs.internetallee.de\/martin\/#website"},"primaryImageOfPage":{"@id":"https:\/\/blogs.internetallee.de\/martin\/portfolio\/alpcologne\/#primaryimage"},"image":{"@id":"https:\/\/blogs.internetallee.de\/martin\/portfolio\/alpcologne\/#primaryimage"},"thumbnailUrl":"https:\/\/blogs.internetallee.de\/martin\/files\/2025\/07\/claudio-schwarz-MVEmXOTej2w-unsplash-scaled.jpg","datePublished":"2025-07-19T17:47:08+00:00","dateModified":"2025-07-20T18:43:29+00:00","breadcrumb":{"@id":"https:\/\/blogs.internetallee.de\/martin\/portfolio\/alpcologne\/#breadcrumb"},"inLanguage":"de","potentialAction":[{"@type":"ReadAction","target":["https:\/\/blogs.internetallee.de\/martin\/portfolio\/alpcologne\/"]}]},{"@type":"ImageObject","inLanguage":"de","@id":"https:\/\/blogs.internetallee.de\/martin\/portfolio\/alpcologne\/#primaryimage","url":"https:\/\/blogs.internetallee.de\/martin\/files\/2025\/07\/claudio-schwarz-MVEmXOTej2w-unsplash-scaled.jpg","contentUrl":"https:\/\/blogs.internetallee.de\/martin\/files\/2025\/07\/claudio-schwarz-MVEmXOTej2w-unsplash-scaled.jpg","width":2560,"height":1708},{"@type":"BreadcrumbList","@id":"https:\/\/blogs.internetallee.de\/martin\/portfolio\/alpcologne\/#breadcrumb","itemListElement":[{"@type":"ListItem","position":1,"name":"Startseite","item":"https:\/\/blogs.internetallee.de\/martin\/"},{"@type":"ListItem","position":2,"name":"Portfolio","item":"https:\/\/blogs.internetallee.de\/martin\/portfolio\/"},{"@type":"ListItem","position":3,"name":"Alpcologne"}]},{"@type":"WebSite","@id":"https:\/\/blogs.internetallee.de\/martin\/#website","url":"https:\/\/blogs.internetallee.de\/martin\/","name":"","description":"","potentialAction":[{"@type":"SearchAction","target":{"@type":"EntryPoint","urlTemplate":"https:\/\/blogs.internetallee.de\/martin\/?s={search_term_string}"},"query-input":{"@type":"PropertyValueSpecification","valueRequired":true,"valueName":"search_term_string"}}],"inLanguage":"de"}]}</script>
<!-- / Yoast SEO plugin. -->

Ich habe seit 2020 den Part des tiefen Alphorns bei „Alpcologne“ übernommen.https://www.alpcologne.de/Das Spiel mit dem Alphorn im Ensemble mit ebasa Palladahttps://www.ebasa.de/macht mir riesigen Spaß und eröffnet mehr Möglichkeiten, als das auf eine Naturtonreihe beschränkte Instrument zunächst glauben machen möchte. Zudem bietet die Kombination mit Victoria Riccios Stimme weitere atmosphärische und harmonische Möglichkeiten.Und: ich bin nicht &hellip;
